95. Let j = w - -28. Let x = 28 - j. Does 20 divide x?
False
Is 5 a factor of (4 - -2366)/6 + 0?
True
Let w = -202 - -207. Does 4 divide w?
False
Let w be (-6)/(-45)*1 + 3099/45. Let d = w + -45. Is d a multiple of 12?
True
Does 30 divide (4 - -1120)/(-4)*-1?
False
Suppose 5*g = c + 118, 0 = -2*c + 3*c - 4*g + 115. Let k = -71 - c. Does 3 divide k?
False
Suppose -3*p + 10 = 2*d, 0 = -d + p - 4 + 14. Let z = d + -4. Suppose -4*a + 248 = z*x, -4*x = -4*a + 383 - 119. Is a a multiple of 17?
False
Let h(r) be the second derivative of -r**5/120 - r**4/6 - 2*r**3 + 10*r. Let j(x) be the second derivative of h(x). Is j(-7) a multiple of 3?
True
Let a = -49 - -53. Let y(c) = 2*c**2 - 4*c + 10. Is 7 a factor of y(a)?
False
Let p = 367 - 289. Does 17 divide p?
False
Suppose -3*t = -12045 - 2979. Suppose g + 4*g - 12515 = -5*l, -2*l - 4*g = -t. Is (-4)/(-14) - l/(-63) a multiple of 10?
True
Suppose 3*z + 2*z = -3*p + 46, -2*z = -2*p - 12. Let w(j) = j**3 - 2*j**2 - 5*j. Let k be w(4). Suppose -z*b = -k*b + 60. Is b a multiple of 4?
False
Suppose -4*s + 2 = -2*j, j = s + 3*s - 1. Let c = j - -61. Is 6 a factor of c?
True
Let q(n) = 14*n**2 + 2*n. Let v be q(-5). Suppose -23*a = 21*a - 40*a. Suppose a = 8*d - 3*d - v. Is 34 a factor of d?
True
Suppose 2*b = 263 + 673. Does 10 divide 9/6 + b/8?
True
Let i = -174 + 245. Let s = i - 39. Does 16 divide s?
True
Let h(i) = -58*i + 17. Is 27 a factor of h(-4)?
False
Suppose 10 - 4 = 2*y. Suppose 3*h + 424 = 4*j, -y*h - 87 = -j + 10. Suppose 6*b - 751 = -j. Is 24 a factor of b?
False
Let p = -5460 + 9844. Is p a multiple of 35?
False
Let k(v) be the second derivative of 1/20*v**5 - v**3 + 0 + 2/3*v**4 - 3/2*v**2 - 4*v. Is 15 a factor of k(-8)?
True
Let m = 1879 - 1529. Does 8 divide m?
False
Let f = -122 - -70. Is (2 - 12)/(112/f + 2) a multiple of 5?
True
Suppose -5 - 7 = 4*i, 0 = 3*j + i - 6. Suppose 3*b = -4*a + 12, a + j*b - 2 - 1 = 0. Suppose 0 = l + 4*x - 35, -a*l + 0*l + 105 = 5*x. Is 11 a factor of l?
False
Let n(u) = 8*u**2 + 2*u - 2. Let q be n(-2). Let t = -66 - -56. Let w = q + t. Is 8 a factor of w?
True
Let r(j) = 4*j**2 - 4*j + 72. Does 15 divide r(13)?
False
Let g(q) = -q**2 - 17*q - 2. Let v be g(-15). Suppose -2*s - 5*t = 461, -4*t - v = -8. Does 15 divide 10/50 + s/(-10)?
False
Is -6 - (-4147)/44 - (-2)/(-8) even?
True
Let x be (2 + 12)/(1 + 1). Let p(c) = c - 5. Let k be p(x). Suppose -k*t + 50 = -16. Is 11 a factor of t?
True
Let p(t) = 32*t + 1. Let h be (6/(-15))/(4/(-40)). Is p(h) a multiple of 36?
False
Let w(j) = 3*j**2 - 9*j + 3. Let r(a) = 7*a**2 - 19*a + 7. Let d(t) = -2*r(t) + 5*w(t). Is 24 a factor of d(13)?
False
Suppose -2 + 18 = 4*t. Let b(x) = x**2 - 3*x + 1. Let r be b(t). Suppose -57 = -3*o - 3*m, r*o - 5*m + 3 = 148. Is o a multiple of 8?
True
Suppose -390 = -54*h + 49*h. Is h a multiple of 13?
True
Let s = 78 + -45. Let o be 12*(s/(-9) - -3). Let r(c) = -c**2 - 11*c + 6. Does 10 divide r(o)?
True
Suppose -i - 5*f = -190, 21 + 374 = 2*i + 5*f. Is i a multiple of 6?
False
Let m(f) = -2*f + 52. Let n be m(-16). Suppose p = -2*p + 2*u + 78, -4*u + n = 4*p. Is 5 a factor of p?
False
Suppose -28*m + 10 = -27*m. Does 6 divide m?
False
Suppose 46 = 2*p - 38. Suppose 5*l - 319 = 2*q, 3*q + 61 = l + 4*q. Does 12 divide (p/l)/(4/138)?
False
Let j = -73 - -49. Let u = j + 27. Is u a multiple of 3?
True
Let i = -6 - -10. Suppose 0*l + 48 = i*l. Suppose 2*j = -j + l. Does 3 divide j?
False
Let u(q) = 16*q - 109. Is u(7) even?
False
Suppose -3 = r - 14. Suppose -h - r = -158. Is h a multiple of 49?
True
Let j(l) = 3*l + 4. Let x(g) = -g + 12. Let i be x(12). Let k(f) = -f**2 + 2. Let m be k(i). Is j(m) a multiple of 5?
True
Let f be 3/(-2)*(-2)/1. Suppose -o + f = 1. Suppose -s + 4*z + 23 = -z, 0 = -5*s - o*z + 88. Does 9 divide s?
True
Suppose -10327 = 18*a - 41791. Is 19 a factor of a?
True
Let x = -866 - -1090. Does 14 divide x?
True
Suppose -5*j + 1721 = -2*v, -j + 22*v + 351 = 25*v. Does 15 divide j?
True
Is (-26202)/(-72) - 5/(-60) a multiple of 7?
True
Suppose -2*z - 5 = -4*p - 1, 2*z - 3*p + 1 = 0. Let o(m) = 108*m**2 - 5*m + 14. Let g be o(z). Is 4/18 - g/(-27) a multiple of 16?
True
Suppose 2*p - 15 = -3*p. Suppose -2*s + 5 = -k + p, 4*s = k + 8. Suppose -g = -5*z + k*z + 24, 0 = -5*z - 5*g + 110. Does 6 divide z?
False
Let j(a) = -3*a - 12. Suppose 5*v = -3*s - 25, 3*v = 2*v + 5*s - 5. Let g be j(v). Suppose -g*h = 5*k - 79, 22 = 2*k - 2*h - 16. Does 17 divide k?
True
Suppose -4*k + 4*t + 1008 = 0, -4*k + 5*t = -3*k - 272. Is 6 a factor of k?
False
Let u = 50 - 26. Let j = u - 18. Does 8 divide -2 + 27/6*j?
False
Let v = 524 - 284. Is 15 a factor of v?
True
Suppose -33*z = z - 10336. Is z a multiple of 6?
False
Suppose 0 = 15*o - 5*o - 3750. Does 5 divide o?
True
Suppose 5*c - 2308 = c. Is 15 a factor of c?
False
Suppose -u - 13 = 4*i, -5*u + 30 = -8*u - 3*i. Does 27 divide (-1822)/(-18) + 2/u?
False
Suppose 5*u - 2850 = a, -4*u - 570 = -5*u + a. Does 57 divide u?
True
Let f(n) = n**3 - 7*n**2 - 8*n + 11. Let d be f(10). Suppose d = 3*k - 4*o + 69, -3*k = -o - 153. Is 26 a factor of k?
False
Let w = -1 - -3. Suppose 0 = w*t - 6*t + 396. Is t a multiple of 11?
True
Suppose -3*l = -3*m - 0*l - 15, 3*l = 4*m + 15. Suppose m = -2*i - 0 - 42. Is 11 a factor of 2 + (-2 + 1 - i)?
True
Let a(i) = 33*i**2 - 5*i - 18. Does 25 divide a(-9)?
True
Suppose -g - 3 = -f, f + 13 = 4*f + g. Suppose 0*v = -f*v + 12. Suppose 2*s + 57 = 3*s + q, -v*s + 177 = 5*q. Is s a multiple of 11?
False
Let b = 69 + 363. Is b a multiple of 9?
True
Let m = 38 + -33. Suppose -4*z - 406 = -2*v, m*z + 55 = v - 133. Does 19 divide v?
False
Let m(w) = 2*w**2 - 5*w + 3. Let l be m(2). Is (2 + 145 - l) + -1 a multiple of 29?
True
Let l(v) = -v**3 - 4*v**2 + 4*v + 3. Let m be l(-5). Suppose 0 = -2*y - 5*a - 20, 0 = -3*y + y + 2*a + m. Suppose 2*b - 156 = -y*b. Does 26 divide b?
True
Let o(q) = 2*q - 1. Let f be o(7). Let w = f + -8. Is 5 a factor of 71/w + 11/(-55)?
False
Let s be 216/21 + 6/(-21). Suppose 2*f = -v - 2*f + 1, v - 5*f = s. Let x(k) = 11*k + 4. Is x(v) a multiple of 19?
False
Let h(g) = -32*g - 3. Let b be h(-6). Let p = -66 + b. Does 10 divide p?
False
Let p be ((-6)/4)/(334/168 + -2). Suppose 39*f - 36*f - p = 0. Does 7 divide f?
True
Suppose -s - 1043 = -3*r, -82*r - s + 1051 = -79*r. Is r even?
False
Suppose 0 = 2*i - 1 - 1. Let c = -42 - -90. Is ((-3)/i)/((-3)/c) a multiple of 16?
True
Let v = 76 - 70. Suppose v*y - 5*y - 26 = 0. Does 26 divide y?
True
Let s(b) = -b - 2. Let l be s(-3). Let m(p) = -109*p - 2. Let j be m(l). Is -1 + 4 - j - 1 a multiple of 32?
False
Let q(n) = 41*n**2 + n. Let t(j) = j**3 - 4*j**2 + 3*j - 1. Let v = 13 + -10. Let p be t(v). Is q(p) a multiple of 10?
True
Let x = -63 - -141. Let m = x + -10. Does 11 divide (-1)/((-2)/m*2)?
False
Let a be 4/(-14) + (-12085)/(-35). Suppose 5*y = a + 45. Is y a multiple of 20?
False
Let h(x) = -307*x**3 + 2*x**2 + 7*x + 4. Is h(-1) a multiple of 25?
False
Suppose 3*y + f - 19 = 0, -8 - 3 = -3*y - 5*f. Does 2 divide y?
False
Suppose 2*y = y - 3*k - 28, -k - 24 = y. Let g = y - -26. Suppose -34 - 18 = -g*z. Is z a multiple of 11?
False
Let o(c) = c**2 - 4*c - 17. Let n be o(7). Let y be (6 - 8)/(n/(-10)). Suppose -y*h - q + 376 = 0, -4*h + 3*q = h - 372. Is h a multiple of 15?
True
Suppose 14*i - 14501 = 8767. Is 6 a factor of i?
True
Suppose -9*p + 2808 = -3*p. Does 13 divide p?
True
Let w = 1913 - -4947. Is 28 a factor of w?
True
Let q = 69 - -27. Does 6 divide (-30)/12*q/(-20)?
True
Let i(a) = a + 4. Let o be i(0). Suppose -3*z + o*t - 18 = 0, 3*t - 33 = 5*z - 14. Is ((-24)/9)/(z/36) a multiple of 16?
True
Suppose 3*l - 152 = 64. Does 24 divide l?
True
Suppose -w + 0*w + q = -2321, 2*w - 4662 = -3*q. Is 93 a factor of w?
True
Suppose 0 = 5*w + 3*p + 2*p - 355, -139 = -2*w - p. Does 10 divide w?
False
Let d = -6 - -12. Let y be 11 - (d/(-3) - -1). Is y - 2 - (-8)/(-4) a multiple of 8?
True
Let o = 1 + 1. Suppose s - o = 2*l, -s = -4*l - 2 - 0. Suppose -3*w = -l*w - 63. Does 5 divide w?
False
Suppose 29*s + 40221 = 70*s. Does 7 divide s?
False
Let s = -671 + 1359. Does 43 divide s?
True
Suppose 12*i = -107 + 5195. Is i a multiple of 8?
True
Let l(a) = -27*a**3 - 3*a**2 + 2*a + 4. Is 12 a factor of l(-2)?
True
Is (-3)/2*(84 + -160) a mu